
Calculate the highest common divisor of 220 and 2140.
20
Calculate the highest common divisor of 400 and 42890.
10
What is the highest common factor of 4800 and 4620?
60
What is the greatest common divisor of 2304 and 271800?
72
Calculate the highest common factor of 2981 and 14634.
271
What is the highest common divisor of 15622 and 13161?
107
What is the greatest common factor of 90 and 16974?
18
Calculate the greatest common factor of 30 and 23172.
6
Calculate the greatest common divisor of 24 and 80016.
24
What is the highest common divisor of 46 and 988885?
23
What is the greatest common factor of 3195300 and 600?
300
Calculate the greatest common factor of 389312 and 2024.
88
Calculate the highest common divisor of 30 and 269470.
10
Calculate the highest common divisor of 1099 and 666151.
157
What is the greatest common divisor of 82830 and 60?
30
What is the greatest common factor of 895 and 1615?
5
Calculate the greatest common divisor of 21 and 1408659.
21
Calculate the greatest common divisor of 385123 and 10237.
353
What is the highest common factor of 445796 and 2548?
52
Calculate the highest common factor of 1680 and 1185.
15
Calculate the highest common factor of 3526872 and 12.
12
What is the highest common factor of 200 and 66200?
200
Calculate the greatest common divisor of 3723486 and 78.
78
Calculate the highest common divisor of 217 and 2924509.
217
Calculate the highest common factor of 158793 and 984.
123
What is the greatest common factor of 560 and 126336?
112
Calculate the greatest common factor of 23738 and 1328.
166
Calculate the greatest common divisor of 27163 and 173607.
1181
Calculate the highest common divisor of 5226817 and 3639.
1213
Calculate the greatest common divisor of 116 and 218950.
58
What is the highest common factor of 2606 and 334?
2
Calculate the highest common factor of 70 and 19243.
7
What is the greatest common divisor of 30 and 52764?
6
Calculate the highest common factor of 40526 and 11638.
46
Calculate the highest common factor of 367 and 904655.
367
What is the highest common factor of 488 and 1001864?
488
What is the greatest common factor of 223 and 60433?
223
Calculate the greatest common factor of 75396 and 6386.
206
What is the highest common divisor of 66 and 995313?
33
What is the greatest common factor of 192 and 174?
6
Calculate the highest common factor of 177202 and 1271.
41
What is the highest common factor of 16 and 272028?
4
Calculate the highest common factor of 3485 and 2635.
85
Calculate the greatest common divisor of 18 and 3862572.
6
What is the highest common factor of 72 and 85416?
24
What is the greatest common factor of 4926 and 18?
6
Calculate the highest common divisor of 10654 and 70.
14
Calculate the greatest common divisor of 260 and 33865.
65
What is the greatest common factor of 700 and 10475?
25
Calculate the highest common divisor of 13 and 1207271.
13
Calculate the greatest common divisor of 671104 and 48.
16
What is the greatest common factor of 16168 and 449608?
344
What is the greatest common divisor of 68420 and 132?
44
What is the greatest common divisor of 12 and 134067?
3
Calculate the greatest common divisor of 3596 and 44.
4
Calculate the highest common factor of 153 and 544.
17
What is the greatest common factor of 4550 and 3458?
182
What is the highest common divisor of 1213262 and 1790?
358
Calculate the greatest common divisor of 98 and 2901241.
49
Calculate the highest common factor of 23941 and 89.
89
Calculate the greatest common factor of 13005779 and 2267.
2267
What is the greatest common factor of 16 and 1277?
1
What is the greatest common factor of 82238 and 234?
26
Calculate the greatest common factor of 3905 and 187795.
355
What is the highest common divisor of 441 and 80213?
49
Calculate the highest common factor of 1817 and 7452.
23
What is the highest common divisor of 111 and 63751?
37
What is the highest common factor of 3544032 and 1368?
456
What is the highest common factor of 23 and 1308907?
23
Calculate the greatest common divisor of 222755 and 1192.
149
Calculate the highest common factor of 18 and 757494.
18
Calculate the greatest common factor of 1450080 and 8550.
1710
Calculate the highest common divisor of 70708 and 176.
44
Calculate the greatest common factor of 27139 and 7.
7
What is the greatest common factor of 410 and 12054?
82
Calculate the highest common factor of 298 and 298.
298
Calculate the greatest common divisor of 9 and 2848077.
9
What is the highest common factor of 176269 and 2154?
359
Calculate the highest common factor of 928 and 5365.
29
Calculate the highest common divisor of 18616 and 520.
104
What is the greatest common divisor of 703609 and 86?
43
What is the greatest common factor of 611 and 36647?
13
Calculate the greatest common factor of 908943 and 21.
21
What is the highest common factor of 42150 and 150?
150
Calculate the highest common factor of 16146 and 2829.
69
Calculate the highest common factor of 6660 and 29415.
555
What is the highest common factor of 6029415 and 315?
315
What is the greatest common divisor of 25 and 935280?
5
What is the highest common divisor of 34940 and 12?
4
Calculate the highest common divisor of 1891 and 1464.
61
Calculate the highest common factor of 3513940 and 115.
115
What is the highest common divisor of 355 and 10792?
71
What is the greatest common factor of 3086029 and 82?
41
Calculate the highest common factor of 168549 and 513.
57
Calculate the highest common factor of 5870 and 50.
10
What is the greatest common factor of 8404318 and 13?
13
Calculate the greatest common divisor of 91003 and 209.
11
Calculate the greatest common factor of 1100 and 3442780.
220
Calculate the highest common factor of 22 and 3305808.
22
Calculate the highest common divisor of 15075 and 72561.
201
What is the greatest common factor of 4116 and 132?
12
Calculate the highest common divisor of 696949 and 935.
187
Calculate the greatest common divisor of 1827 and 279.
9
Calculate the greatest common factor of 1428 and 378.
42
Calculate the highest common divisor of 105 and 50295.
105
Calculate the greatest common factor of 133713 and 72.
9
What is the greatest common divisor of 1586 and 24278?
122
Calculate the highest common factor of 6492 and 690.
6
Calculate the greatest common divisor of 11 and 24984.
1
Calculate the greatest common factor of 95 and 4540.
5
Calculate the highest common divisor of 131154 and 18.
6
Calculate the greatest common factor of 6770 and 821878.
1354
What is the highest common factor of 84 and 54754?
14
Calculate the greatest common divisor of 5369 and 4130.
413
What is the greatest common factor of 468 and 5412?
12
Calculate the greatest common factor of 434 and 16065.
7
Calculate the highest common divisor of 1005 and 375.
15
Calculate the greatest common factor of 225 and 43975.
25
What is the highest common divisor of 84 and 311906?
14
What is the greatest common divisor of 522 and 750?
6
Calculate the highest common divisor of 7712 and 23859.
241
What is the greatest common factor of 196893 and 2751?
393
Calculate the highest common divisor of 1558999 and 26.
13
Calculate the highest common factor of 203931 and 1911.
273
What is the greatest common factor of 52 and 10699?
13
Calculate the greatest common factor of 28825 and 575.
25
Calculate the greatest common factor of 50 and 5116450.
50
Calculate the greatest common divisor of 563632 and 16.
16
Calculate the greatest common divisor of 1733328 and 64.
16
What is the greatest common factor of 500 and 1169300?
100
Calculate the highest common divisor of 15 and 18965.
5
What is the highest common factor of 70604 and 760?
76
What is the greatest common factor of 23 and 1575983?
23
Calculate the highest common factor of 88 and 415261.
11
Calculate the greatest common factor of 59 and 2218459.
59
Calculate the greatest common divisor of 595134 and 1284.
642
Calculate the greatest common divisor of 6 and 158846.
2
Calculate the highest common divisor of 465 and 39215.
155
Calculate the greatest common factor of 466 and 45901.
233
Calculate the highest common factor of 756 and 8883.
189
What is the greatest common factor of 395226 and 104?
26
Calculate the greatest common factor of 6437 and 123.
41